9
What is the thousands digit of 2465895484?
5
What is the tens digit of 362386351?
5
What is the units digit of 516308534?
4
What is the tens digit of 224692127?
2
What is the tens digit of 1095714489?
8
What is the units digit of 58188531?
1
What is the hundred millions digit of 1602905712?
6
What is the hundred millions digit of 443287167?
4
What is the units digit of 466468450?
0
What is the units digit of 1797810173?
3
What is the hundred millions digit of 101712055?
1
What is the hundred thousands digit of 722240755?
2
What is the billions digit of 6508891603?
6
What is the hundreds digit of 1324857949?
9
What is the millions digit of 1716621895?
6
What is the tens digit of 46179354?
5
What is the ten millions digit of 101823275?
0
What is the ten thousands digit of 1006203920?
0
What is the hundred thousands digit of 76667575?
6
What is the tens digit of 1223991643?
4
What is the millions digit of 495530432?
5
What is the hundred millions digit of 828220092?
8
What is the hundred thousands digit of 1538895712?
8
What is the hundred thousands digit of 50372945?
3
What is the hundred thousands digit of 17516515?
5
What is the hundreds digit of 5943065537?
5
What is the units digit of 68092360?
0
What is the ten millions digit of 23094916?
2
What is the units digit of 2157543925?
5
What is the ten thousands digit of 52683617?
8
What is the tens digit of 70610273?
7
What is the hundreds digit of 144402508?
5
What is the hundred thousands digit of 22538762?
5
What is the hundred thousands digit of 3778615830?
6
What is the billions digit of 6830024640?
6
What is the ten millions digit of 48662865?
4
What is the units digit of 3211801860?
0
What is the ten millions digit of 138792124?
3
What is the hundred millions digit of 133233330?
1
What is the thousands digit of 48068868?
8
What is the hundreds digit of 98271628?
6
What is the ten thousands digit of 1499046740?
4
What is the thousands digit of 32819358?
9
What is the ten millions digit of 53231238?
5
What is the tens digit of 411868684?
8
What is the hundred thousands digit of 957942652?
9
What is the ten thousands digit of 8276025769?
2
What is the hundreds digit of 847722?
7
What is the ten thousands digit of 14976732?
7
What is the ten millions digit of 107008784?
0
What is the billions digit of 1521250944?
1
What is the tens digit of 990215102?
0
What is the ten millions digit of 56213447?
5
What is the billions digit of 2618593294?
2
What is the millions digit of 212352977?
2
What is the hundred thousands digit of 44746819?
7
What is the hundreds digit of 295758802?
8
What is the millions digit of 59711918?
9
What is the tens digit of 2140859519?
1
What is the tens digit of 1683473149?
4
What is the hundred thousands digit of 5560602298?
6
What is the millions digit of 122008113?
2
What is the hundred thousands digit of 37411701?
4
What is the thousands digit of 850794128?
4
What is the ten millions digit of 76933888?
7
What is the tens digit of 4099308132?
3
What is the ten millions digit of 1396399270?
9
What is the millions digit of 45821621?
5
What is the ten thousands digit of 24925209?
2
What is the units digit of 168457879?
9
What is the thousands digit of 745804358?
4
What is the millions digit of 436720067?
6
What is the ten millions digit of 2239510479?
3
What is the thousands digit of 69128940?
8
What is the ten millions digit of 66441495?
6
What is the units digit of 684565910?
0
What is the ten millions digit of 1164779548?
6
What is the thousands digit of 33706394?
6
What is the hundred thousands digit of 601647917?
6
What is the tens digit of 83876519?
1
What is the millions digit of 441489678?
1
What is the units digit of 1301595668?
8
What is the millions digit of 45292085?
5
What is the tens digit of 835135925?
2
What is the ten millions digit of 102882705?
0
What is the hundred thousands digit of 127112300?
1
What is the thousands digit of 3783859890?
9
What is the ten thousands digit of 475709041?
0
What is the thousands digit of 63259339?
9
What is the thousands digit of 3382065?
2
What is the ten millions digit of 121785526?
2
What is the ten millions digit of 47194246?
4
What is the ten millions digit of 145868531?
4
What is the ten thousands digit of 36626930?
2
What is the units digit of 120513122?
2
What is the hundreds digit of 1769037007?
0
What is the millions digit of 23099311?
3
What is the millions digit of 409205728?
9
What is the units digit of 604638332?
2
What is the thousands digit of 1518628654?
8
What is the hundred millions digit of 149137003?
1
What is the hundred thousands digit of 263091913?
0
What is the ten millions digit of 549891240?
4
What is the hundred millions digit of 1807376524?
8
What is the hundreds digit of 292202899?
8
What is the hundreds digit of 143982131?
1
What is the ten millions digit of 826961053?
2
What is the millions digit of 81041357?
1
What is the hundreds digit of 58410449?
4
What is the tens digit of 283466058?
5
What is the units digit of 4996260678?
8
What is the hundreds digit of 714394608?
6
What is the ten millions digit of 86106877?
8
What is the millions digit of 567971910?
7
What is the ten thousands digit of 1018335237?
3
What is the hundred thousands digit of 232031293?
0
What is the ten thousands digit of 2462338030?
3
What is the hundreds digit of 212338181?
1
What is the hundred thousands digit of 1889066391?
0
What is the millions digit of 127724279?
7
What is the units digit of 729090999?
9
What is the units digit of 4142320?
0
What is the hundred millions digit of 3094702584?
0
What is the hundred thousands digit of 17117084?
1
What is the hundred millions digit of 1160355205?
1
What is the units digit of 270165146?
6
What is the millions digit of 217588737?
7
What is the millions digit of 2941827?
2
What is the ten millions digit of 1745791522?
4
What is the ten millions digit of 2041295908?
4
What is the ten millions digit of 1609332284?
0
What is the ten thousands digit of 308369595?
6
What is the hundreds digit of 1988670741?
7
What is the hundreds digit of 614472268?
2
What is the millions digit of 387939417?
7
What is the units digit of 48133397?
7
What is the hundreds digit of 106497262?
2
What is the ten thousands digit of 214201432?
0
What is the ten thousands digit of 57200552?
0
What is the hundred thousands digit of 109684809?
6
What is the tens digit of 237441426?
2
What is the hundred thousands digit of 56921179?
9
What is the ten millions digit of 2043830611?
4
What is the hundreds digit of 332548822?
8
What is the hundreds digit of 54262008?
0
What is the hundreds digit of 127012969?
9
What is the thousands digit of 6127198?
7
What is the millions digit of 72134752?
2
What is the hundred thousands digit of 130360787?
3
What is the tens digit of 1167077012?
1
What is the ten thousands digit of 141451379?
5
What is the hundred millions digit of 2344136996?
3
What is the hundred millions digit of 171751588?
1
What is the hundred millions digit of 178989799?
1
What is the billions digit of 1127985170?
1
What is the units digit of 681835532?
2
What is the hundred thousands digit of 140282100?
2
What is the millions digit of 79435073?
9
What is the tens digit of 86239745?
4
What is the thousands digit of 429681733?
1
What is the ten thousands digit of 303754916?
5
What is the hundreds digit of 706459893?
8
What is the tens digit of 366192699?
9
What is the hundreds digit of 153868574?
5
What is the hundred millions digit of 117933105?
1
What is the ten thousands digit of 19829527?
2
What is the tens digit of 542024001?
0
What is the tens digit of 1157634043?
4
What is the tens digit of 159411128?
2
What is the hundred thousands digit of 60488949?
4
What is the hundreds digit of 690943906?
9
What is the tens digit of 1624054272?
7
What is the hundred millions digit of 356491409?
3
What is the units digit of 86085864?
4
What is the hundreds digit of 244857991?
9
What is the units digit of 228910839?
9
What is the thousands digit of 390041075?
1
What is the ten thousands digit of 135725020?
2
What is the hundreds digit of 951847984?
9
What is the hundred thousands digit of 6670270?
6
What is the units digit of 2906892630?
0
What is the millions digit of 1079099113?
9
What is the hundr